{"id":587,"date":"2024-02-09T16:42:55","date_gmt":"2024-02-09T16:42:55","guid":{"rendered":"https:\/\/tabazul.pt\/dhb\/?page_id=587"},"modified":"2024-02-15T15:28:00","modified_gmt":"2024-02-15T15:28:00","slug":"entradas-tematicas","status":"publish","type":"page","link":"http:\/\/tabazul.pt\/dhb\/entradas-tematicas\/","title":{"rendered":"Entradas Tem\u00e1ticas"},"content":{"rendered":"\t\t<div data-elementor-type=\"wp-page\" data-elementor-id=\"587\" class=\"elementor elementor-587\">\n\t\t\t\t\t\t\t<div class=\"elementor-element elementor-element-59744a80 e-con-full e-flex wpr-particle-no wpr-jarallax-no wpr-parallax-no wpr-sticky-section-no e-con e-parent\" data-id=\"59744a80\" data-element_type=\"container\" data-settings=\"{&quot;content_width&quot;:&quot;full&quot;}\" data-core-v316-plus=\"true\">\n\t\t<div class=\"elementor-element elementor-element-26dca32c e-con-full e-flex wpr-particle-no wpr-jarallax-no wpr-parallax-no wpr-sticky-section-no e-con e-child\" data-id=\"26dca32c\" data-element_type=\"container\" data-settings=\"{&quot;background_background&quot;:&quot;classic&quot;,&quot;content_width&quot;:&quot;full&quot;}\">\n\t\t\t\t<\/div>\n\t\t<div class=\"elementor-element elementor-element-4dd4bf46 e-con-full e-flex wpr-particle-no wpr-jarallax-no wpr-parallax-no wpr-sticky-section-no e-con e-child\" data-id=\"4dd4bf46\" data-element_type=\"container\" data-settings=\"{&quot;content_width&quot;:&quot;full&quot;}\">\n\t\t\t\t<div class=\"elementor-element elementor-element-6552e39a elementor-widget elementor-widget-heading\" data-id=\"6552e39a\" data-element_type=\"widget\" data-widget_type=\"heading.default\">\n\t\t\t\t<div class=\"elementor-widget-container\">\n\t\t\t<style>\/*! elementor - v3.18.0 - 20-12-2023 *\/\n.elementor-heading-title{padding:0;margin:0;line-height:1}.elementor-widget-heading .elementor-heading-title[class*=elementor-size-]>a{color:inherit;font-size:inherit;line-height:inherit}.elementor-widget-heading .elementor-heading-title.elementor-size-small{font-size:15px}.elementor-widget-heading .elementor-heading-title.elementor-size-medium{font-size:19px}.elementor-widget-heading .elementor-heading-title.elementor-size-large{font-size:29px}.elementor-widget-heading .elementor-heading-title.elementor-size-xl{font-size:39px}.elementor-widget-heading .elementor-heading-title.elementor-size-xxl{font-size:59px}<\/style><h1 class=\"elementor-heading-title elementor-size-default\">Elenco tem\u00e1tico do DHB<\/h1>\t\t<\/div>\n\t\t\t\t<\/div>\n\t\t\t\t<div class=\"elementor-element elementor-element-03dead2 elementor-widget elementor-widget-heading\" data-id=\"03dead2\" data-element_type=\"widget\" data-widget_type=\"heading.default\">\n\t\t\t\t<div class=\"elementor-widget-container\">\n\t\t\t<h2 class=\"elementor-heading-title elementor-size-default\">Em constru\u00e7\u00e3o...<\/h2>\t\t<\/div>\n\t\t\t\t<\/div>\n\t\t\t\t<div class=\"elementor-element elementor-element-5a649d0 elementor-widget elementor-widget-text-editor\" data-id=\"5a649d0\" data-element_type=\"widget\" data-widget_type=\"text-editor.default\">\n\t\t\t\t<div class=\"elementor-widget-container\">\n\t\t\t<style>\/*! elementor - v3.18.0 - 20-12-2023 *\/\n.elementor-widget-text-editor.elementor-drop-cap-view-stacked .elementor-drop-cap{background-color:#69727d;color:#fff}.elementor-widget-text-editor.elementor-drop-cap-view-framed .elementor-drop-cap{color:#69727d;border:3px solid;background-color:transparent}.elementor-widget-text-editor:not(.elementor-drop-cap-view-default) .elementor-drop-cap{margin-top:8px}.elementor-widget-text-editor:not(.elementor-drop-cap-view-default) .elementor-drop-cap-letter{width:1em;height:1em}.elementor-widget-text-editor .elementor-drop-cap{float:left;text-align:center;line-height:1;font-size:50px}.elementor-widget-text-editor .elementor-drop-cap-letter{display:inline-block}<\/style>\t\t\t\t<ul><li>ACL e a monarquia<\/li><li>ACL e a primeira Rep\u00fablica<\/li><li>ACL e o Estado Novo<\/li><li>ACL e o liberalismo<\/li><li>Aula Maynense \/ Museu<\/li><li>Biblioteca Popular<\/li><li>Biblioteca\/Livraria do Convento<\/li><li>Cargos<\/li><li>Casas da Academia (instala\u00e7\u00f5es)<\/li><li>Censura<\/li><li>Classes<\/li><li>Comiss\u00f5es<ul><li>Institui\u00e7\u00e3o vac\u00ednica<\/li><li>Publica\u00e7\u00e3o das Cortes<\/li><li>Reforma dos forais<\/li><li>Pesos e medidas<\/li><li>Hist\u00f3ria dos Descobrimentos Portugueses<\/li><li><em>Portugalia Monumenta Historica<\/em><\/li><li>Instru\u00e7\u00e3o Nacional<\/li><li>Reforma Ortogr\u00e1fica<\/li><li>Comiss\u00e3o de Lexicografia e Lexicologia<\/li><li>Comiss\u00e3o Geol\u00f3gica<\/li><\/ul><\/li><\/ul><ul><li>Curso Superior de Letras<\/li><li>Ensino<\/li><li>Estatutos<\/li><li>Financiamento<\/li><li>Hist\u00f3ria<\/li><li>Instituto de Altos Estudos<\/li><li>Invas\u00f5es Francesas<\/li><li>Jet\u00f5es<\/li><li>Ora\u00e7\u00e3o<\/li><li>Pr\u00e9mios<\/li><li>Programas<\/li><li>Publica\u00e7\u00f5es (peri\u00f3dicas e n\u00e3o peri\u00f3dicas)<\/li><li>Tipografia<\/li><\/ul>\t\t\t\t\t\t<\/div>\n\t\t\t\t<\/div>\n\t\t\t\t<\/div>\n\t\t\t\t<\/div>\n\t\t\t\t\t\t\t<\/div>\n\t\t","protected":false},"excerpt":{"rendered":"<p>Elenco tem\u00e1tico do DHB Em constru\u00e7\u00e3o&#8230; ACL e a monarquia ACL e a primeira Rep\u00fablica ACL e o Estado Novo ACL e o liberalismo Aula Maynense \/ Museu Biblioteca Popular Biblioteca\/Livraria do Convento Cargos Casas da Academia (instala\u00e7\u00f5es) Censura Classes Comiss\u00f5es Institui\u00e7\u00e3o vac\u00ednica Publica\u00e7\u00e3o das Cortes Reforma dos forais Pesos e medidas Hist\u00f3ria dos Descobrimentos [&hellip;]<\/p>\n","protected":false},"author":1,"featured_media":0,"parent":0,"menu_order":0,"comment_status":"closed","ping_status":"closed","template":"","meta":{"footnotes":""},"class_list":["post-587","page","type-page","status-publish","hentry"],"_links":{"self":[{"href":"http:\/\/tabazul.pt\/dhb\/wp-json\/wp\/v2\/pages\/587","targetHints":{"allow":["GET"]}}],"collection":[{"href":"http:\/\/tabazul.pt\/dhb\/wp-json\/wp\/v2\/pages"}],"about":[{"href":"http:\/\/tabazul.pt\/dhb\/wp-json\/wp\/v2\/types\/page"}],"author":[{"embeddable":true,"href":"http:\/\/tabazul.pt\/dhb\/wp-json\/wp\/v2\/users\/1"}],"replies":[{"embeddable":true,"href":"http:\/\/tabazul.pt\/dhb\/wp-json\/wp\/v2\/comments?post=587"}],"version-history":[{"count":29,"href":"http:\/\/tabazul.pt\/dhb\/wp-json\/wp\/v2\/pages\/587\/revisions"}],"predecessor-version":[{"id":809,"href":"http:\/\/tabazul.pt\/dhb\/wp-json\/wp\/v2\/pages\/587\/revisions\/809"}],"wp:attachment":[{"href":"http:\/\/tabazul.pt\/dhb\/wp-json\/wp\/v2\/media?parent=587"}],"curies":[{"name":"wp","href":"https:\/\/api.w.org\/{rel}","templated":true}]}}