{"id":31,"date":"2024-01-23T14:11:41","date_gmt":"2024-01-23T14:11:41","guid":{"rendered":"http:\/\/tabazul.pt\/dhb\/our-story\/"},"modified":"2024-02-15T12:28:37","modified_gmt":"2024-02-15T12:28:37","slug":"sobre","status":"publish","type":"page","link":"http:\/\/tabazul.pt\/dhb\/sobre\/","title":{"rendered":"Sobre"},"content":{"rendered":"\t\t<div data-elementor-type=\"wp-page\" data-elementor-id=\"31\" class=\"elementor elementor-31\">\n\t\t\t\t\t\t\t<div class=\"elementor-element elementor-element-47a8853c e-con-full e-flex wpr-particle-no wpr-jarallax-no wpr-parallax-no wpr-sticky-section-no e-con e-parent\" data-id=\"47a8853c\" data-element_type=\"container\" data-settings=\"{&quot;content_width&quot;:&quot;full&quot;}\" data-core-v316-plus=\"true\">\n\t\t<div class=\"elementor-element elementor-element-17565af1 e-con-full e-flex wpr-particle-no wpr-jarallax-no wpr-parallax-no wpr-sticky-section-no e-con e-child\" data-id=\"17565af1\" data-element_type=\"container\" data-settings=\"{&quot;background_background&quot;:&quot;classic&quot;,&quot;content_width&quot;:&quot;full&quot;}\">\n\t\t\t\t<\/div>\n\t\t<div class=\"elementor-element elementor-element-8734fb e-con-full e-flex wpr-particle-no wpr-jarallax-no wpr-parallax-no wpr-sticky-section-no e-con e-child\" data-id=\"8734fb\" data-element_type=\"container\" data-settings=\"{&quot;content_width&quot;:&quot;full&quot;}\">\n\t\t\t\t<div class=\"elementor-element elementor-element-12836e92 elementor-widget elementor-widget-heading\" data-id=\"12836e92\" data-element_type=\"widget\" data-widget_type=\"heading.default\">\n\t\t\t\t<div class=\"elementor-widget-container\">\n\t\t\t<style>\/*! elementor - v3.18.0 - 20-12-2023 *\/\n.elementor-heading-title{padding:0;margin:0;line-height:1}.elementor-widget-heading .elementor-heading-title[class*=elementor-size-]>a{color:inherit;font-size:inherit;line-height:inherit}.elementor-widget-heading .elementor-heading-title.elementor-size-small{font-size:15px}.elementor-widget-heading .elementor-heading-title.elementor-size-medium{font-size:19px}.elementor-widget-heading .elementor-heading-title.elementor-size-large{font-size:29px}.elementor-widget-heading .elementor-heading-title.elementor-size-xl{font-size:39px}.elementor-widget-heading .elementor-heading-title.elementor-size-xxl{font-size:59px}<\/style><h6 class=\"elementor-heading-title elementor-size-default\">Sobre<\/h6>\t\t<\/div>\n\t\t\t\t<\/div>\n\t\t\t\t<div class=\"elementor-element elementor-element-3fd0410 elementor-widget elementor-widget-heading\" data-id=\"3fd0410\" data-element_type=\"widget\" data-widget_type=\"heading.default\">\n\t\t\t\t<div class=\"elementor-widget-container\">\n\t\t\t<h1 class=\"elementor-heading-title elementor-size-default\"><i>Dicion\u00e1rio Hist\u00f3rico-Biogr\u00e1fico<\/i> (DHB)<\/h1>\t\t<\/div>\n\t\t\t\t<\/div>\n\t\t\t\t<div class=\"elementor-element elementor-element-662ba29b elementor-invisible elementor-widget elementor-widget-text-editor\" data-id=\"662ba29b\" data-element_type=\"widget\" data-settings=\"{&quot;_animation&quot;:&quot;fadeIn&quot;,&quot;_animation_delay&quot;:400}\" data-widget_type=\"text-editor.default\">\n\t\t\t\t<div class=\"elementor-widget-container\">\n\t\t\t<style>\/*! elementor - v3.18.0 - 20-12-2023 *\/\n.elementor-widget-text-editor.elementor-drop-cap-view-stacked .elementor-drop-cap{background-color:#69727d;color:#fff}.elementor-widget-text-editor.elementor-drop-cap-view-framed .elementor-drop-cap{color:#69727d;border:3px solid;background-color:transparent}.elementor-widget-text-editor:not(.elementor-drop-cap-view-default) .elementor-drop-cap{margin-top:8px}.elementor-widget-text-editor:not(.elementor-drop-cap-view-default) .elementor-drop-cap-letter{width:1em;height:1em}.elementor-widget-text-editor .elementor-drop-cap{float:left;text-align:center;line-height:1;font-size:50px}.elementor-widget-text-editor .elementor-drop-cap-letter{display:inline-block}<\/style>\t\t\t\t<h6><strong>Objetivos<\/strong><\/h6><p>Fundada em 1779, a Academia das Ci\u00eancias de Lisboa (ACL) acolheu at\u00e9 aos nossos dias cerca de dois mil membros nas diversas categorias definidas pelos seus Estatutos (s\u00f3cios efetivos, correspondentes nacionais, correspondentes estrangeiros, em\u00e9ritos, honor\u00e1rios, etc.).<\/p><p>A informa\u00e7\u00e3o \u00e0 guarda do Arquivo Hist\u00f3rico da ACL sobre os seus s\u00f3cios permite reconstituir cerca de 250 anos de hist\u00f3ria das ci\u00eancias e das letras em Portugal, dada a import\u00e2ncia indiscut\u00edvel que os membros da ACL tiveram e t\u00eam para a constru\u00e7\u00e3o dos diversos dom\u00ednios do saber, no cumprimento da sua miss\u00e3o acad\u00e9mica. Al\u00e9m dos s\u00f3cios individuais, a ACL tamb\u00e9m acolheu ou deu origem a n\u00facleos institucionais, que, antes de ganharem autonomia e vida pr\u00f3pria, contribu\u00edram para o prest\u00edgio e relevo que a ACL det\u00e9m na hist\u00f3ria da cultura e da ci\u00eancia em Portugal. Tais s\u00e3o os casos da Institui\u00e7\u00e3o Vac\u00ednica, da Comiss\u00e3o de Pesos e Medidas, da Comiss\u00e3o Geol\u00f3gica, da Tipografia da ACL, do Instituto de Altos Estudos ou do Instituto de Lexicologia e Lexicografia, cujas atividades permanecem por estudar de forma sistem\u00e1tica.<\/p><p>Merece igualmente relevo, ao longo da sua hist\u00f3ria de quase 250 anos, o envolvimento de diversos membros da ACL na defini\u00e7\u00e3o e execu\u00e7\u00e3o de pol\u00edticas p\u00fablicas. Este projeto resulta de uma preocupa\u00e7\u00e3o integrada de conhecimento, valoriza\u00e7\u00e3o e divulga\u00e7\u00e3o p\u00fablica do patrim\u00f3nio documental e arquiv\u00edstico da ACL, que, excetuando os materiais relativos \u00e0s primeiras tr\u00eas d\u00e9cadas de atividade (desde o arranque at\u00e9 1834), n\u00e3o tem recebido a aten\u00e7\u00e3o de que \u00e9 merecedor. Espera-se que o\u00a0<strong><em>Dicion\u00e1rio Hist\u00f3rico- Biogr\u00e1fico<\/em><\/strong>\u00a0da Academia das Ci\u00eancias de Lisboa (<strong>DHB<\/strong>) permita superar essa lacuna de conhecimento da hist\u00f3ria de uma institui\u00e7\u00e3o de ci\u00eancia e cultura com ra\u00edzes que remontam \u00e0s \u00faltimas d\u00e9cadas do s\u00e9culo XVIII e que integra o grupo muito restrito das mais antigas institui\u00e7\u00f5es cient\u00edficas do mundo.<\/p><p>\u00a0<\/p><h6><strong>Natureza e \u00e2mbito<\/strong><\/h6><p>O DHB\u00a0ser\u00e1 organizado do modo que \u00e9 habitual para este tipo de obras, por meio de entradas dedicadas a cada um dos membros com indica\u00e7\u00e3o dos dados biogr\u00e1ficos mais importantes e, sempre que se justifique, com men\u00e7\u00e3o \u00e0s respetivas atividades de \u00e2mbito acad\u00e9mico e profissional e \u00e0 principal bibliografia ativa e passiva.<\/p><p>Al\u00e9m das entradas dedicadas a nomes individuais, o DHB incluir\u00e1 verbetes tem\u00e1ticos sobre os n\u00facleos institucionais acima indicados e balan\u00e7os historiogr\u00e1ficos sobre per\u00edodos ou temas especialmente significativos para a hist\u00f3ria da ACL. O DHB permitir\u00e1 a pesquisa onom\u00e1stica, cronol\u00f3gica, geogr\u00e1fica e tem\u00e1tica com as funcionalidades exigidas a este tipo de instrumentos de pesquisa. Deste modo, pretende-se que o DHB constitua uma ferramenta de refer\u00eancia fundamental para pesquisas r\u00e1pidas e avan\u00e7adas relacionadas com a hist\u00f3ria da ACL e, por essa via, com a hist\u00f3ria da ci\u00eancia e da cultura em Portugal desde os finais do s\u00e9culo XVIII. O DHB n\u00e3o registar\u00e1 nomes de membros da ACL vivos. Todavia, dada a sua disponibiliza\u00e7\u00e3o em formato digital, ser\u00e1 objeto de atualiza\u00e7\u00e3o regular. Prev\u00ea-se igualmente a organiza\u00e7\u00e3o futura de uma vers\u00e3o em livro impresso.<\/p>\t\t\t\t\t\t<\/div>\n\t\t\t\t<\/div>\n\t\t\t\t<\/div>\n\t\t\t\t<\/div>\n\t\t\t\t\t\t\t<\/div>\n\t\t","protected":false},"excerpt":{"rendered":"<p>Sobre Dicion\u00e1rio Hist\u00f3rico-Biogr\u00e1fico (DHB) Objetivos Fundada em 1779, a Academia das Ci\u00eancias de Lisboa (ACL) acolheu at\u00e9 aos nossos dias cerca de dois mil membros nas diversas categorias definidas pelos seus Estatutos (s\u00f3cios efetivos, correspondentes nacionais, correspondentes estrangeiros, em\u00e9ritos, honor\u00e1rios, etc.). A informa\u00e7\u00e3o \u00e0 guarda do Arquivo Hist\u00f3rico da ACL sobre os seus s\u00f3cios permite [&hellip;]<\/p>\n","protected":false},"author":1,"featured_media":0,"parent":0,"menu_order":0,"comment_status":"closed","ping_status":"closed","template":"elementor_header_footer","meta":{"footnotes":""},"class_list":["post-31","page","type-page","status-publish","hentry"],"_links":{"self":[{"href":"http:\/\/tabazul.pt\/dhb\/wp-json\/wp\/v2\/pages\/31","targetHints":{"allow":["GET"]}}],"collection":[{"href":"http:\/\/tabazul.pt\/dhb\/wp-json\/wp\/v2\/pages"}],"about":[{"href":"http:\/\/tabazul.pt\/dhb\/wp-json\/wp\/v2\/types\/page"}],"author":[{"embeddable":true,"href":"http:\/\/tabazul.pt\/dhb\/wp-json\/wp\/v2\/users\/1"}],"replies":[{"embeddable":true,"href":"http:\/\/tabazul.pt\/dhb\/wp-json\/wp\/v2\/comments?post=31"}],"version-history":[{"count":67,"href":"http:\/\/tabazul.pt\/dhb\/wp-json\/wp\/v2\/pages\/31\/revisions"}],"predecessor-version":[{"id":768,"href":"http:\/\/tabazul.pt\/dhb\/wp-json\/wp\/v2\/pages\/31\/revisions\/768"}],"wp:attachment":[{"href":"http:\/\/tabazul.pt\/dhb\/wp-json\/wp\/v2\/media?parent=31"}],"curies":[{"name":"wp","href":"https:\/\/api.w.org\/{rel}","templated":true}]}}